 is divided by a?
12
Let x = -2407 + 2416. Suppose -174 = -5*d + 61. Let v = d + 4. What is the remainder when v is divided by x?
6
Suppose 345 = 4*o - 2*k + 21, 0 = 2*k - 4. Calculate the remainder when 407 is divided by o.
79
Suppose 5*i + 3*g - 46 = 3*i, 0 = -4*i - 5*g + 92. Let y = 58 + -44. Calculate the remainder when i is divided by y.
9
Suppose 0 = -69*p + 100*p - 403. Suppose 5*h - 35 = 3*c, -3*h + 2*c - c = -21. What is the remainder when p is divided by h?
6
Let l = 98 - 126. Let c = 46 + l. What is the remainder when 29 is divided by c?
11
Suppose 2*w - 12 = -4*v + 6*w, 0 = 2*v - 4*w + 4. Suppose -v*f - 26 = -10*f. Calculate the remainder when 23 is divided by f.
10
Let i(r) = r**2 - 10*r + 9. Let n be i(9). Calculate the remainder when (-13 - -11) + (2 - -33)*1 is divided by 7 - (2 - n)*-1.
6
Suppose s = 2, -10 = -2*r + 4*s + 28. What is the remainder when 2268/20 - (72/(-20) - -4) is divided by r?
21
Let k(q) = q**2 - 40*q + 422. Calculate the remainder when 40 is divided by k(22).
14
Let o(k) = k**3 + 36*k**2 - 46*k + 17. What is the remainder when o(-37) is divided by 113?
11
Suppose 3*d - 2*t - 3*t = 54, -t = -2*d + 29. Let s(n) = -n**2 - 6*n - 10. Let g be s(-3). Calculate the remainder when d is divided by -1*(g - (-1 + 4)).
1
Let v = 755 - 632. What is the remainder when v is divided by 26?
19
Let t be -26 + 30 + -2*(-1 - 0). Calculate the remainder when 164/t*(5 - (-7)/(-2)) is divided by 15.
11
Let z be (-4)/(-16)*-2*94. Let d = -24 - z. Let r = -2 + d. Calculate the remainder when r is divided by 11.
10
Let m(n) = n**2 + 12*n + 78. Calculate the remainder when m(-12) is divided by 32.
14
Let u = 280 - 207. Calculate the remainder when u is divided by 41.
32
Suppose 2*u - 66 = -3*j, -2*u + 34 = -14*j + 9*j. Calculate the remainder when 240 is divided by u.
24
Let s = -259 - -370. Calculate the remainder when s is divided by 30.
21
Suppose -18 = -3*l + 4*l. Let s = l + 22. What is the remainder when 11 is divided by s?
3
Suppose -4*y = 13 - 1. Let j(p) = -p**3 - 17*p**2 - 14*p + 51. What is the remainder when j(-16) is divided by (-2)/((-14)/4 - y)?
3
Let b = -8 - -60. Suppose 4*x - 5*w - b = 0, 4*x - 38 = 4*w + 18. Suppose -2*v = 7 - 27. Calculate the remainder when x is divided by v.
8
Suppose -13 = 3*m - 4*m. Let o(s) = s**2 - 7*s - 11. Let u be o(8). What is the remainder when u/(3/4) - (7 + -47) is divided by m?
10
Suppose -t + 4 = -0. Let a be (-3 + t)*1 - -51. Suppose 23 + a = 5*h. What is the remainder when 56 is divided by h?
11
Suppose 50*k - 52*k + 78 = 0. What is the remainder when 72 is divided by k?
33
Suppose 0 = -2*p, -19*o - p = -21*o + 134. What is the remainder when 150 is divided by o?
16
Let x(t) = -13*t + 4. Suppose -2*q = 3*v - 57, 0*q + v = -3*q + 68. What is the remainder when x(-6) is divided by q?
19
Let o = 41 - 4. What is the remainder when o is divided by (-760)/60*3/(-2)?
18
Let s = 29 + -28. Suppose -5 = -3*y + s, 9 = -b + 5*y. What is the remainder when 0 - (-2 + b - 1) is divided by 1?
0
Let c(h) be the second derivative of 0 + 5/3*h**4 + h**2 - 1/2*h**3 - h. Calculate the remainder when c(1) is divided by 10.
9
Let u = -1 - -4. Suppose 2*s = -5*w - 0*s + 55, -u*w + 3*s = -33. What is the remainder when w is divided by 4?
3
Suppose 2*a - 4*r - 55 = r, 5*a - 106 = 2*r. What is the remainder when 1677 is divided by a?
17
Let f(d) = 9*d**2 + 95*d - 7. What is the remainder when 221 is divided by f(-11)?
36
Let y(d) = -d**2 + 2*d + 60. What is the remainder when 27 is divided by y(8)?
3
Let q(d) = 10*d**3 - d**2 + 3*d - 5. What is the remainder when q(2) is divided by 20?
17
Suppose 0 = -5*g + 4*g + 4. Let q be ((-6)/(-9))/((-1)/21). Let u = q + 21. Calculate the remainder when u is divided by g.
3
Suppose -125 = 5*q - 295. What is the remainder when 135 is divided by q?
33
Let a(n) = n - 4. Let q be a(19). Suppose -2*y + q = -y. Let f = -46 - -90. Calculate the remainder when f is divided by y.
14
Suppose -4*o + 3*u = -562, 0*o - o - 3*u = -148. Calculate the remainder when o is divided by 46.
4
Let q = -3 - -6. Suppose 0 = -q*m - 5*z + 183, 5*z - 84 = -m - 13. Calculate the remainder when m is divided by 29.
27
Suppose -2*f + 11 = -f - 3*x, -2*f = -x - 27. Let s = -7 + f. What is the remainder when ((-2)/6)/(4/(-156)) is divided by s?
6
Suppose 7*p = -3*p + 480. Let u = 228 + -203. What is the remainder when p is divided by u?
23
Let i = -33 - -36. Suppose 0 = u + 4*g - 30 - 19, -i*u - 2*g = -107. Calculate the remainder when u is divided by 7.
5
Let h be 2*(-1)/(-8) - (-22)/8. Suppose h*f = -d + 132 - 5, 0 = -4*d - 2*f + 538. Calculate the remainder when d is divided by 35.
31
Let d = -17 + 19. Suppose -d*o + 20 = -62. Calculate the remainder when o is divided by 11.
8
Suppose 0 = -2*t + 2*y + 2, 5*y + 6 + 9 = -5*t. Let b be (3/((-3)/2))/t. What is the remainder when -6*(-18)/8*b is divided by 7?
6
Suppose 0 = -4*c + 35 + 85. Let f = c + -12. What is the remainder when 101 is divided by f?
11
Suppose -3*h = -4*f + f - 114, 5*h + f - 178 = 0. Suppose 2*u + 4*r + 16 = u, -h = -4*u + 4*r. What is the remainder when 10 is divided by u?
2
Let v = 0 + 3. Let h be v/(-5) - (-112)/20. Suppose -4*l = h*z - 305, 2*z - 7*z = 3*l - 310. What is the remainder when z is divided by 17?
14
Suppose 15*g = 19*g - 132. Let a(f) = -2*f**3 - 7*f**2 - 2*f - 13. Let r be a(-6). Let s = r - 50. What is the remainder when s is divided by g?
30
Suppose d = 5*k + 42, 2*d + 7*k = 3*k + 84. Suppose -248 = -3*b - 2*p, -2*p - 80 = b - 2*b. What is the remainder when b is divided by d?
40
Let x be 1*46/(-3)*-3. Let p = -17 + x. Calculate the remainder when p is divided by 5.
4
Suppose -2*x + 600 = 3*y, -6*y = -2*y - 3*x - 800. What is the remainder when y is divided by 42?
32
Let x(h) = -49*h - 235. Calculate the remainder when 589 is divided by x(-5).
9
Let y(l) = l**2 + 30*l + 233. What is the remainder when 396 is divided by y(-22)?
54
Let m = 30 - 29. Let s be 0/1 - 0/m. Let y(c) = c**2 - c + 17. Calculate the remainder when y(s) is divided by 5.
2
Let q be (-5890)/(-35) - 2/7. Suppose -3*a - o + q = 0, -4*a = a + o - 282. What is the remainder when a is divided by (-6)/21 - (-214)/14?
12
Let y(f) = 13*f - 4. Suppose 0 = c + 3*q - 82, c = -0*c + 3*q + 52. Calculate the remainder when c is divided by y(3).
32
Let w = -630 + 658. Calculate the remainder when w is divided by 7.
0
What is the remainder when -1*(6 + 1) + (1122 - -42) is divided by 116?
113
Suppose -2*i + 36*s + 34 = 34*s, 0 = 3*s - 3. Calculate the remainder when 122 is divided by i.
14
Let f(u) = -8*u - 14. Let k be f(15). Let m = k - -188. What is the remainder when m is divided by 19?
16
Let q(r) = 16*r - 14. What is the remainder when 160 is divided by q(2)?
16
Suppose -4*t + 29 = 5*m - 532, -2*t = 2*m - 280. Let y = -86 + t. What is the remainder when y is divided by 18?
17
What is the remainder when 1727 is divided by (4/6)/1*11076/568?
11
Suppose o = 1733 - 761. What is the remainder when o is divided by 15?
12
Let h(t) = 4*t**3 - t**2 - 59. Let i(y) = -y**3. Let d(z) = -h(z) - 3*i(z). What is the remainder when d(0) is divided by 15?
14
Let k = -95 - -135. Let d(n) = -n**3 - 18*n**2 - 11*n - 39. What is the remainder when d(-18) is divided by k?
39
Suppose -6*f + 3*f = -9. Let v(j) = j + 1. Let g(i) = -2*i - 3. Let w(l) = -g(l) + v(l). What is the remainder when w(f) is divided by 3?
1
Let q = 90 + -65. What is the remainder when q is divided by 8?
1
Let l(q) = 3*q**2 - q - 1. Let s = -348 - -353. What is the remainder when l(2) is divided by s?
4
Let j = -331 - -380. Calculate the remainder when j is divided by 14.
7
Let r = 126 + -82. Let y = 17 - -70. What is the remainder when y is divided by r?
43
Suppose 0*c - 160 = -5*c. Suppose -3*h = 5*o - 53, 5*o = -0*h + h + 9. Calculate the remainder when c is divided by h.
10
Let q be 23 + (-4 - (-12 + 4)). Let b = -14 + q. What is the remainder when 35 is divided by b?
9
What is the remainder when 513 + (((-4)/(-2))/2 - 2) is divided by 86?
82
Suppose w - 4 = -g, -4*g + 12 = w + 2*w. Suppose 4*l - u + 78 = 217, g = -4*l + 5*u + 135. What is the remainder when 69 is divided by l?
34
Let g = -98 + 38. Let l(q) = -q**3 - 5*q**2 + 2*q - 8. Calculate the remainder when l(-6) is divided by (-200)/g*9/5